{"id":1566,"date":"2017-09-12T10:03:24","date_gmt":"2017-09-12T10:03:24","guid":{"rendered":"http:\/\/selmecziistvan.ininet.hu\/?page_id=1566"},"modified":"2017-09-12T10:03:24","modified_gmt":"2017-09-12T10:03:24","slug":"1985-2","status":"publish","type":"page","link":"http:\/\/selmecziistvan.ininet.hu\/?page_id=1566","title":{"rendered":"1985."},"content":{"rendered":"<p style=\"text-align: center;\"><a href=\"http:\/\/selmecziistvan.ininet.hu\/wp-content\/uploads\/2017\/09\/08.29.-Legyen-e-k\u00e9preg\u00e9ny.pdf\">08.29. Legyen-e k\u00e9preg\u00e9ny<\/a><\/p>\n<p style=\"text-align: center;\"><a href=\"http:\/\/selmecziistvan.ininet.hu\/wp-content\/uploads\/2017\/09\/85.01.25.-Tiszt\u00faj\u00edt\u00e1s-az-alapszervezetekben.pdf\">85.01.25. Tiszt\u00faj\u00edt\u00e1s az alapszervezetekben<\/a><\/p>\n<p style=\"text-align: center;\"><a href=\"http:\/\/selmecziistvan.ininet.hu\/wp-content\/uploads\/2017\/09\/85.04.15.-G\u00f3lyalesen.pdf\">85.04.15. G\u00f3lyalesen<\/a><\/p>\n<p style=\"text-align: center;\"><a href=\"http:\/\/selmecziistvan.ininet.hu\/wp-content\/uploads\/2017\/09\/85.06.04.-Megy\u00e9nk-telep\u00fcl\u00e9seinek-tan\u00e1cstagjel\u00f6ltjei.pdf\">85.06.04. Megy\u00e9nk telep\u00fcl\u00e9seinek tan\u00e1cstagjel\u00f6ltjei<\/a><\/p>\n<p style=\"text-align: center;\"><a href=\"http:\/\/selmecziistvan.ininet.hu\/wp-content\/uploads\/2017\/09\/85.06.17.-Megy\u00e9nk-telep\u00fcl\u00e9seinek-tan\u00e1cstagjai.pdf\">85.06.17. Megy\u00e9nk telep\u00fcl\u00e9seinek tan\u00e1cstagjai<\/a><\/p>\n<p style=\"text-align: center;\"><a href=\"http:\/\/selmecziistvan.ininet.hu\/wp-content\/uploads\/2017\/09\/85.06.20.-T\u00e1jh\u00e1z-Dadon.pdf\">85.06.20. T\u00e1jh\u00e1z Dadon<\/a><\/p>\n<p style=\"text-align: center;\"><a href=\"http:\/\/selmecziistvan.ininet.hu\/wp-content\/uploads\/2017\/09\/85.11.15.-\u00c9lelmiszerek-az-orsz\u00e1g-asztal\u00e1ra.pdf\">85.11.15. \u00c9lelmiszerek az ,orsz\u00e1g asztal\u00e1ra&#8217;<\/a><\/p>\n","protected":false},"excerpt":{"rendered":"<p>08.29. Legyen-e k\u00e9preg\u00e9ny 85.01.25. Tiszt\u00faj\u00edt\u00e1s az alapszervezetekben 85.04.15. G\u00f3lyalesen 85.06.04. Megy\u00e9nk telep\u00fcl\u00e9seinek tan\u00e1cstagjel\u00f6ltjei 85.06.17. Megy\u00e9nk telep\u00fcl\u00e9seinek tan\u00e1cstagjai 85.06.20. T\u00e1jh\u00e1z Dadon 85.11.15. \u00c9lelmiszerek az ,orsz\u00e1g asztal\u00e1ra&#8217;<\/p>\n","protected":false},"author":1,"featured_media":0,"parent":642,"menu_order":31,"comment_status":"open","ping_status":"open","template":"","meta":[],"_links":{"self":[{"href":"http:\/\/selmecziistvan.ininet.hu\/index.php?rest_route=\/wp\/v2\/pages\/1566"}],"collection":[{"href":"http:\/\/selmecziistvan.ininet.hu\/index.php?rest_route=\/wp\/v2\/pages"}],"about":[{"href":"http:\/\/selmecziistvan.ininet.hu\/index.php?rest_route=\/wp\/v2\/types\/page"}],"author":[{"embeddable":true,"href":"http:\/\/selmecziistvan.ininet.hu\/index.php?rest_route=\/wp\/v2\/users\/1"}],"replies":[{"embeddable":true,"href":"http:\/\/selmecziistvan.ininet.hu\/index.php?rest_route=%2Fwp%2Fv2%2Fcomments&post=1566"}],"version-history":[{"count":1,"href":"http:\/\/selmecziistvan.ininet.hu\/index.php?rest_route=\/wp\/v2\/pages\/1566\/revisions"}],"predecessor-version":[{"id":1574,"href":"http:\/\/selmecziistvan.ininet.hu\/index.php?rest_route=\/wp\/v2\/pages\/1566\/revisions\/1574"}],"up":[{"embeddable":true,"href":"http:\/\/selmecziistvan.ininet.hu\/index.php?rest_route=\/wp\/v2\/pages\/642"}],"wp:attachment":[{"href":"http:\/\/selmecziistvan.ininet.hu\/index.php?rest_route=%2Fwp%2Fv2%2Fmedia&parent=1566"}],"curies":[{"name":"wp","href":"https:\/\/api.w.org\/{rel}","templated":true}]}}