{"id":1508,"date":"2017-09-12T09:14:36","date_gmt":"2017-09-12T09:14:36","guid":{"rendered":"http:\/\/selmecziistvan.ininet.hu\/?page_id=1508"},"modified":"2017-09-12T09:14:36","modified_gmt":"2017-09-12T09:14:36","slug":"1978-2","status":"publish","type":"page","link":"http:\/\/selmecziistvan.ininet.hu\/?page_id=1508","title":{"rendered":"1978."},"content":{"rendered":"<p style=\"text-align: center;\"><a href=\"http:\/\/selmecziistvan.ininet.hu\/wp-content\/uploads\/2017\/09\/78.03.04.-Aranylakodalom.pdf\">78.03.04. Aranylakodalom<\/a><\/p>\n<p style=\"text-align: center;\"><a href=\"http:\/\/selmecziistvan.ininet.hu\/wp-content\/uploads\/2017\/09\/78.03.10.-Egy-m\u00e9rk\u0151z\u00e9sen-n\u00e9gy-ki\u00e1ll\u00edt\u00e1s.pdf\">78.03.10. Egy m\u00e9rk\u0151z\u00e9sen n\u00e9gy ki\u00e1ll\u00edt\u00e1s<\/a><\/p>\n<p style=\"text-align: center;\"><a href=\"http:\/\/selmecziistvan.ininet.hu\/wp-content\/uploads\/2017\/09\/78.04.01.-Vend\u00e9gcsapatok-sikerei.pdf\">78.04.01. Vend\u00e9gcsapatok sikerei<\/a><\/p>\n<p style=\"text-align: center;\"><a href=\"http:\/\/selmecziistvan.ininet.hu\/wp-content\/uploads\/2017\/09\/78.04.20.-Egy\u00fctt-vagy-\u00f6n\u00e1ll\u00f3an.pdf\">78.04.20. Egy\u00fctt vagy \u00f6n\u00e1ll\u00f3an<\/a><\/p>\n<p style=\"text-align: center;\"><a href=\"http:\/\/selmecziistvan.ininet.hu\/wp-content\/uploads\/2017\/09\/78.05.05.-A-kisb\u00e9riek-veres\u00e9ge.pdf\">78.05.05. A kisb\u00e9riek veres\u00e9ge<\/a><\/p>\n<p style=\"text-align: center;\"><a href=\"http:\/\/selmecziistvan.ininet.hu\/wp-content\/uploads\/2017\/09\/78.06.17.-H\u00e9reg-m\u00e1r-bajnok.pdf\">78.06.17. H\u00e9reg m\u00e1r bajnok<\/a><\/p>\n<p style=\"text-align: center;\"><a href=\"http:\/\/selmecziistvan.ininet.hu\/wp-content\/uploads\/2017\/09\/78.07.16.-Ny\u00e1ri-gyakorlaton-a-tatab\u00e1nyai-er\u0151m\u0171ben.pdf\">78.07.16. Ny\u00e1ri gyakorlaton a tatab\u00e1nyai er\u0151m\u0171ben<\/a><\/p>\n<p style=\"text-align: center;\"><a href=\"http:\/\/selmecziistvan.ininet.hu\/wp-content\/uploads\/2017\/09\/78.10.22.-Hatvan-\u00e9ve-t\u00f6rt\u00e9nt.pdf\">78.10.22. Hatvan \u00e9ve t\u00f6rt\u00e9nt<\/a><\/p>\n<p style=\"text-align: center;\"><a href=\"http:\/\/selmecziistvan.ininet.hu\/wp-content\/uploads\/2017\/09\/78.11.22.-\u00daj-\u00c1BC-\u00e1ruh\u00e1z.pdf\">78.11.22. \u00daj \u00c1BC-\u00e1ruh\u00e1z<\/a><\/p>\n<p style=\"text-align: center;\"><a href=\"http:\/\/selmecziistvan.ininet.hu\/wp-content\/uploads\/2017\/09\/78.10.06.-Tsz-a-k\u00f6zc\u00e9lok\u00e9rt.pdf\">78.10.06. Tsz a k\u00f6zc\u00e9lok\u00e9rt<\/a><\/p>\n","protected":false},"excerpt":{"rendered":"<p>78.03.04. Aranylakodalom 78.03.10. Egy m\u00e9rk\u0151z\u00e9sen n\u00e9gy ki\u00e1ll\u00edt\u00e1s 78.04.01. Vend\u00e9gcsapatok sikerei 78.04.20. Egy\u00fctt vagy \u00f6n\u00e1ll\u00f3an 78.05.05. A kisb\u00e9riek veres\u00e9ge 78.06.17. H\u00e9reg m\u00e1r bajnok 78.07.16. Ny\u00e1ri gyakorlaton a tatab\u00e1nyai er\u0151m\u0171ben 78.10.22. Hatvan \u00e9ve t\u00f6rt\u00e9nt 78.11.22. \u00daj \u00c1BC-\u00e1ruh\u00e1z 78.10.06. Tsz a k\u00f6zc\u00e9lok\u00e9rt<\/p>\n","protected":false},"author":1,"featured_media":0,"parent":642,"menu_order":24,"comment_status":"open","ping_status":"open","template":"","meta":[],"_links":{"self":[{"href":"http:\/\/selmecziistvan.ininet.hu\/index.php?rest_route=\/wp\/v2\/pages\/1508"}],"collection":[{"href":"http:\/\/selmecziistvan.ininet.hu\/index.php?rest_route=\/wp\/v2\/pages"}],"about":[{"href":"http:\/\/selmecziistvan.ininet.hu\/index.php?rest_route=\/wp\/v2\/types\/page"}],"author":[{"embeddable":true,"href":"http:\/\/selmecziistvan.ininet.hu\/index.php?rest_route=\/wp\/v2\/users\/1"}],"replies":[{"embeddable":true,"href":"http:\/\/selmecziistvan.ininet.hu\/index.php?rest_route=%2Fwp%2Fv2%2Fcomments&post=1508"}],"version-history":[{"count":1,"href":"http:\/\/selmecziistvan.ininet.hu\/index.php?rest_route=\/wp\/v2\/pages\/1508\/revisions"}],"predecessor-version":[{"id":1519,"href":"http:\/\/selmecziistvan.ininet.hu\/index.php?rest_route=\/wp\/v2\/pages\/1508\/revisions\/1519"}],"up":[{"embeddable":true,"href":"http:\/\/selmecziistvan.ininet.hu\/index.php?rest_route=\/wp\/v2\/pages\/642"}],"wp:attachment":[{"href":"http:\/\/selmecziistvan.ininet.hu\/index.php?rest_route=%2Fwp%2Fv2%2Fmedia&parent=1508"}],"curies":[{"name":"wp","href":"https:\/\/api.w.org\/{rel}","templated":true}]}}