{"id":1440,"date":"2017-08-02T09:09:40","date_gmt":"2017-08-02T09:09:40","guid":{"rendered":"http:\/\/selmecziistvan.ininet.hu\/?page_id=1440"},"modified":"2017-08-02T09:09:40","modified_gmt":"2017-08-02T09:09:40","slug":"1975-2","status":"publish","type":"page","link":"http:\/\/selmecziistvan.ininet.hu\/?page_id=1440","title":{"rendered":"1975."},"content":{"rendered":"<p style=\"text-align: center;\"><a href=\"http:\/\/selmecziistvan.ininet.hu\/wp-content\/uploads\/2017\/08\/75.01.11.-Egy\u00fctt-k\u00f6z\u00f6s-er\u0151vel.pdf\">75.01.11. Egy\u00fctt &#8211; k\u00f6z\u00f6s er\u0151vel<\/a><\/p>\n<p style=\"text-align: center;\"><a href=\"http:\/\/selmecziistvan.ininet.hu\/wp-content\/uploads\/2017\/08\/75.02.23.-K\u00f6zs\u00e9g\u00fcnkben-minden-csal\u00e1dnak-van....pdf\">75.02.23. ,K\u00f6zs\u00e9g\u00fcnkben minden csal\u00e1dnak van&#8230;&#8217;<\/a><\/p>\n<p style=\"text-align: center;\"><a href=\"http:\/\/selmecziistvan.ininet.hu\/wp-content\/uploads\/2017\/08\/75.02.26.-\u00daj-szakasz-nyit\u00e1nya.pdf\">75.02.26. \u00daj szakasz nyit\u00e1nya<\/a><\/p>\n<p style=\"text-align: center;\"><a href=\"http:\/\/selmecziistvan.ininet.hu\/wp-content\/uploads\/2017\/08\/75.06.19.-\u00daj-\u00f3voda-\u00e9p\u00fcl.pdf\">75.06.19. \u00daj \u00f3voda \u00e9p\u00fcl<\/a><\/p>\n<p style=\"text-align: center;\"><a href=\"http:\/\/selmecziistvan.ininet.hu\/wp-content\/uploads\/2017\/08\/75.06.24.-T\u00e1pkock\u00e1s-sz\u0151l\u0151oltv\u00e1ny-Szom\u00f3dr\u00f3l.pdf\">75.06.24. T\u00e1pkock\u00e1s sz\u0151l\u0151oltv\u00e1ny Szom\u00f3dr\u00f3l<\/a><\/p>\n<p style=\"text-align: center;\"><a href=\"http:\/\/selmecziistvan.ininet.hu\/wp-content\/uploads\/2017\/08\/75.06.29.-Csup\u00e1n-szervez\u00e9s-k\u00e9rd\u00e9se.pdf\">75.06.29. Csup\u00e1n szervez\u00e9s k\u00e9rd\u00e9se<\/a><\/p>\n<p style=\"text-align: center;\"><a href=\"http:\/\/selmecziistvan.ininet.hu\/wp-content\/uploads\/2017\/08\/75.07.15.-B\u0151v\u00edtik-a-gyermekint\u00e9zm\u00e9nyeket.pdf\">75.07.15. B\u0151v\u00edtik a gyermekint\u00e9zm\u00e9nyeket<\/a><\/p>\n<p style=\"text-align: center;\"><a href=\"http:\/\/selmecziistvan.ininet.hu\/wp-content\/uploads\/2017\/08\/75.07.24.-T\u00f6bb-kis-tsz-ben-a-h\u00e9t-v\u00e9g\u00e9re-befejezik-az-arat\u00e1st.pdf\">75.07.24. T\u00f6bb kis tsz-ben a h\u00e9t v\u00e9g\u00e9re befejezik az arat\u00e1st<\/a><\/p>\n<p style=\"text-align: center;\"><a href=\"http:\/\/selmecziistvan.ininet.hu\/wp-content\/uploads\/2017\/08\/75.07.31.-Kiteljesed\u0151ben-a-sz\u00f6vetkezeti-demokr\u00e1cia-Szom\u00f3don.pdf\">75.07.31. Kiteljesed\u0151ben a sz\u00f6vetkezeti demokr\u00e1cia Szom\u00f3don<\/a><\/p>\n<p style=\"text-align: center;\"><a href=\"http:\/\/selmecziistvan.ininet.hu\/wp-content\/uploads\/2017\/08\/75.08.14.-Arat\u00e1s-ut\u00e1n.pdf\">75.08.14. Arat\u00e1s ut\u00e1n<\/a><\/p>\n<p style=\"text-align: center;\"><a href=\"http:\/\/selmecziistvan.ininet.hu\/wp-content\/uploads\/2017\/08\/75.09.27.-Egy-boldog-nap.pdf\">75.09.27. Egy boldog nap<\/a><\/p>\n<p style=\"text-align: center;\"><a href=\"http:\/\/selmecziistvan.ininet.hu\/wp-content\/uploads\/2017\/08\/75.10.03.-Dr\u00e1ga-vereked\u00e9s.pdf\">75.10.03. Dr\u00e1ga vereked\u00e9s<\/a><\/p>\n<p style=\"text-align: center;\"><a href=\"http:\/\/selmecziistvan.ininet.hu\/wp-content\/uploads\/2017\/08\/75.10.18.-\u00c1tad\u00e1s-el\u0151tt-a-szom\u00f3di-\u00f3voda.pdf\">75.10.18. \u00c1tad\u00e1s el\u0151tt a szom\u00f3di \u00f3voda<\/a><\/p>\n<p style=\"text-align: center;\"><a href=\"http:\/\/selmecziistvan.ininet.hu\/wp-content\/uploads\/2017\/08\/75.11.07.-\u00d3vod\u00e1t-iskol\u00e1t-avattak.pdf\">75.11.07. \u00d3vod\u00e1t, iskol\u00e1t avattak<\/a><\/p>\n<p style=\"text-align: center;\"><a href=\"http:\/\/selmecziistvan.ininet.hu\/wp-content\/uploads\/2017\/08\/75.12.16.-Falugy\u0171l\u00e9sek.pdf\">75.12.16. Falugy\u0171l\u00e9sek<\/a><\/p>\n<p style=\"text-align: center;\"><a href=\"http:\/\/selmecziistvan.ininet.hu\/wp-content\/uploads\/2017\/08\/75.12.20.-Sl\u00e1gerbajnoks\u00e1g-Szom\u00f3don-bossz\u00fas\u00e1ggal.pdf\">75.12.20. ,Sl\u00e1gerbajnoks\u00e1g&#8217; Szom\u00f3don &#8211; bossz\u00fas\u00e1ggal<\/a><\/p>\n<p style=\"text-align: center;\"><a href=\"http:\/\/selmecziistvan.ininet.hu\/wp-content\/uploads\/2017\/08\/75.12.20.-Jubileumi-\u00fatt\u00f6r\u0151\u00e9vre-k\u00e9sz\u00fclnek.pdf\">75.12.20. Jubileumi \u00fatt\u00f6r\u0151\u00e9vre k\u00e9sz\u00fclnek<\/a><\/p>\n<p style=\"text-align: center;\"><a href=\"http:\/\/selmecziistvan.ininet.hu\/wp-content\/uploads\/2017\/08\/75.12.25.-Szom\u00f3d-750-\u00e9ves.pdf\">75.12.25. Szom\u00f3d 750 \u00e9ves<\/a><\/p>\n","protected":false},"excerpt":{"rendered":"<p>75.01.11. Egy\u00fctt &#8211; k\u00f6z\u00f6s er\u0151vel 75.02.23. ,K\u00f6zs\u00e9g\u00fcnkben minden csal\u00e1dnak van&#8230;&#8217; 75.02.26. \u00daj szakasz nyit\u00e1nya 75.06.19. \u00daj \u00f3voda \u00e9p\u00fcl 75.06.24. T\u00e1pkock\u00e1s sz\u0151l\u0151oltv\u00e1ny Szom\u00f3dr\u00f3l 75.06.29. Csup\u00e1n szervez\u00e9s k\u00e9rd\u00e9se 75.07.15. B\u0151v\u00edtik a gyermekint\u00e9zm\u00e9nyeket 75.07.24. T\u00f6bb kis tsz-ben a h\u00e9t v\u00e9g\u00e9re befejezik az arat\u00e1st &hellip; <a href=\"http:\/\/selmecziistvan.ininet.hu\/?page_id=1440\">Egy kattint\u00e1s ide a folytat\u00e1shoz&#8230;. <span class=\"meta-nav\">&rarr;<\/span><\/a><\/p>\n","protected":false},"author":1,"featured_media":0,"parent":686,"menu_order":21,"comment_status":"open","ping_status":"open","template":"","meta":[],"_links":{"self":[{"href":"http:\/\/selmecziistvan.ininet.hu\/index.php?rest_route=\/wp\/v2\/pages\/1440"}],"collection":[{"href":"http:\/\/selmecziistvan.ininet.hu\/index.php?rest_route=\/wp\/v2\/pages"}],"about":[{"href":"http:\/\/selmecziistvan.ininet.hu\/index.php?rest_route=\/wp\/v2\/types\/page"}],"author":[{"embeddable":true,"href":"http:\/\/selmecziistvan.ininet.hu\/index.php?rest_route=\/wp\/v2\/users\/1"}],"replies":[{"embeddable":true,"href":"http:\/\/selmecziistvan.ininet.hu\/index.php?rest_route=%2Fwp%2Fv2%2Fcomments&post=1440"}],"version-history":[{"count":1,"href":"http:\/\/selmecziistvan.ininet.hu\/index.php?rest_route=\/wp\/v2\/pages\/1440\/revisions"}],"predecessor-version":[{"id":1459,"href":"http:\/\/selmecziistvan.ininet.hu\/index.php?rest_route=\/wp\/v2\/pages\/1440\/revisions\/1459"}],"up":[{"embeddable":true,"href":"http:\/\/selmecziistvan.ininet.hu\/index.php?rest_route=\/wp\/v2\/pages\/686"}],"wp:attachment":[{"href":"http:\/\/selmecziistvan.ininet.hu\/index.php?rest_route=%2Fwp%2Fv2%2Fmedia&parent=1440"}],"curies":[{"name":"wp","href":"https:\/\/api.w.org\/{rel}","templated":true}]}}