{"id":1330,"date":"2017-07-24T09:43:39","date_gmt":"2017-07-24T09:43:39","guid":{"rendered":"http:\/\/selmecziistvan.ininet.hu\/?page_id=1330"},"modified":"2017-07-24T09:43:45","modified_gmt":"2017-07-24T09:43:45","slug":"1972-2","status":"publish","type":"page","link":"http:\/\/selmecziistvan.ininet.hu\/?page_id=1330","title":{"rendered":"1972."},"content":{"rendered":"<p style=\"text-align: center;\"><a href=\"http:\/\/selmecziistvan.ininet.hu\/wp-content\/uploads\/2017\/07\/72.02.03.-Felh\u00edv\u00e1s.pdf\">72.02.03. Felh\u00edv\u00e1s<\/a><\/p>\n<p style=\"text-align: center;\"><a href=\"http:\/\/selmecziistvan.ininet.hu\/wp-content\/uploads\/2017\/07\/72.02.08.-Megfontoltan-szorgalmasan-\u00e9s-j\u00f6vedelmez\u0151n.pdf\">72.02.08. Megfontoltan &#8211; szorgalmasan \u00e9s j\u00f6vedelmez\u0151n<\/a><\/p>\n<p style=\"text-align: center;\"><a href=\"http:\/\/selmecziistvan.ininet.hu\/wp-content\/uploads\/2017\/07\/72.02.13.-Nyugd\u00edjas-g\u00e9mesk\u00fat-Dadon.pdf\">72.02.13. ,Nyugd\u00edjas&#8217; g\u00e9mesk\u00fat Dadon<\/a><\/p>\n<p style=\"text-align: center;\"><a href=\"http:\/\/selmecziistvan.ininet.hu\/wp-content\/uploads\/2017\/07\/72.03.28.-Tavasz-a-termel\u0151sz\u00f6vetkezetekben.pdf\">72.03.28. Tavasz a termel\u0151sz\u00f6vetkezetekben<\/a><\/p>\n<p style=\"text-align: center;\"><a href=\"http:\/\/selmecziistvan.ininet.hu\/wp-content\/uploads\/2017\/07\/72.04.18.-Az-eg\u00e9szs\u00e9gv\u00e9delem-Dadon.pdf\">72.04.18. Az eg\u00e9szs\u00e9gv\u00e9delem Dadon<\/a><\/p>\n<p style=\"text-align: center;\"><a href=\"http:\/\/selmecziistvan.ininet.hu\/wp-content\/uploads\/2017\/07\/72.05.24.-J\u00f3-eredm\u00e9nyek-a-tatai-j\u00e1r\u00e1s-\u00f6sszetett-honv\u00e9delmi-verseny\u00e9n.pdf\">72.05.24. J\u00f3 eredm\u00e9nyek a tatai j\u00e1r\u00e1s \u00f6sszetett honv\u00e9delmi verseny\u00e9n<\/a><\/p>\n<p style=\"text-align: center;\"><a href=\"http:\/\/selmecziistvan.ininet.hu\/wp-content\/uploads\/2017\/07\/72.05.25.-225-\u00e9ves-iskola.pdf\">72.05.25. 225 \u00e9ves iskola<\/a><\/p>\n<p style=\"text-align: center;\"><a href=\"http:\/\/selmecziistvan.ininet.hu\/wp-content\/uploads\/2017\/07\/72.06.17.-Sikerrel-vizsg\u00e1zott-Dadon-is-az-\u00faj-bikah\u00edzlal\u00e1si-technol\u00f3gia.pdf\">72.06.17. Sikerrel vizsg\u00e1zott Dadon is az \u00faj bikah\u00edzlal\u00e1si technol\u00f3gia<\/a><\/p>\n<p style=\"text-align: center;\"><a href=\"http:\/\/selmecziistvan.ininet.hu\/wp-content\/uploads\/2017\/07\/72.07.25.-Szeret\u00fcnk-focizni.pdf\">72.07.25. Szeret\u00fcnk focizni<\/a><\/p>\n<p style=\"text-align: center;\"><a href=\"http:\/\/selmecziistvan.ininet.hu\/wp-content\/uploads\/2017\/07\/72.08.23.-\u00d6t\u00f6dik-helyez\u00e9s-Mosonmagyar\u00f3v\u00e1ron.pdf\">72.08.23. \u00d6t\u00f6dik helyez\u00e9s Mosonmagyar\u00f3v\u00e1ron<\/a><\/p>\n<p style=\"text-align: center;\"><a href=\"http:\/\/selmecziistvan.ininet.hu\/wp-content\/uploads\/2017\/07\/72.09.23.-Hengerelt-a-Kecsk\u00e9d.pdf\">72.09.23. Hengerelt a Kecsk\u00e9d<\/a><\/p>\n<p style=\"text-align: center;\"><a href=\"http:\/\/selmecziistvan.ininet.hu\/wp-content\/uploads\/2017\/07\/72.10.28.-Csonka-fordul\u00f3-Kom\u00e1romban.pdf\">72.10.28. Csonka fordul\u00f3 Kom\u00e1romban<\/a><\/p>\n<p style=\"text-align: center;\"><a href=\"http:\/\/selmecziistvan.ininet.hu\/wp-content\/uploads\/2017\/07\/72.11.10.-Szomsz\u00e9dok-egy\u00fcttm\u0171k\u00f6d\u00e9se.pdf\">72.11.10. Szomsz\u00e9dok egy\u00fcttm\u0171k\u00f6d\u00e9se<\/a><\/p>\n<p style=\"text-align: center;\"><a href=\"http:\/\/selmecziistvan.ininet.hu\/wp-content\/uploads\/2017\/07\/72.12.17.-Falusi-fiatalok-az-\u00e9len.pdf\">72.12.17. Falusi fiatalok az \u00e9len<\/a><\/p>\n<p style=\"text-align: center;\"><a href=\"http:\/\/selmecziistvan.ininet.hu\/wp-content\/uploads\/2017\/07\/72.12.22.-Kazalt\u0171z-a-dadi-termel\u0151sz\u00f6vetkezetben.pdf\">72.12.22. Kazalt\u0171z a dadi termel\u0151sz\u00f6vetkezetben<\/a><\/p>\n","protected":false},"excerpt":{"rendered":"<p>72.02.03. Felh\u00edv\u00e1s 72.02.08. Megfontoltan &#8211; szorgalmasan \u00e9s j\u00f6vedelmez\u0151n 72.02.13. ,Nyugd\u00edjas&#8217; g\u00e9mesk\u00fat Dadon 72.03.28. Tavasz a termel\u0151sz\u00f6vetkezetekben 72.04.18. Az eg\u00e9szs\u00e9gv\u00e9delem Dadon 72.05.24. J\u00f3 eredm\u00e9nyek a tatai j\u00e1r\u00e1s \u00f6sszetett honv\u00e9delmi verseny\u00e9n 72.05.25. 225 \u00e9ves iskola 72.06.17. Sikerrel vizsg\u00e1zott Dadon is az \u00faj &hellip; <a href=\"http:\/\/selmecziistvan.ininet.hu\/?page_id=1330\">Egy kattint\u00e1s ide a folytat\u00e1shoz&#8230;. <span class=\"meta-nav\">&rarr;<\/span><\/a><\/p>\n","protected":false},"author":1,"featured_media":0,"parent":642,"menu_order":18,"comment_status":"open","ping_status":"open","template":"","meta":[],"_links":{"self":[{"href":"http:\/\/selmecziistvan.ininet.hu\/index.php?rest_route=\/wp\/v2\/pages\/1330"}],"collection":[{"href":"http:\/\/selmecziistvan.ininet.hu\/index.php?rest_route=\/wp\/v2\/pages"}],"about":[{"href":"http:\/\/selmecziistvan.ininet.hu\/index.php?rest_route=\/wp\/v2\/types\/page"}],"author":[{"embeddable":true,"href":"http:\/\/selmecziistvan.ininet.hu\/index.php?rest_route=\/wp\/v2\/users\/1"}],"replies":[{"embeddable":true,"href":"http:\/\/selmecziistvan.ininet.hu\/index.php?rest_route=%2Fwp%2Fv2%2Fcomments&post=1330"}],"version-history":[{"count":1,"href":"http:\/\/selmecziistvan.ininet.hu\/index.php?rest_route=\/wp\/v2\/pages\/1330\/revisions"}],"predecessor-version":[{"id":1346,"href":"http:\/\/selmecziistvan.ininet.hu\/index.php?rest_route=\/wp\/v2\/pages\/1330\/revisions\/1346"}],"up":[{"embeddable":true,"href":"http:\/\/selmecziistvan.ininet.hu\/index.php?rest_route=\/wp\/v2\/pages\/642"}],"wp:attachment":[{"href":"http:\/\/selmecziistvan.ininet.hu\/index.php?rest_route=%2Fwp%2Fv2%2Fmedia&parent=1330"}],"curies":[{"name":"wp","href":"https:\/\/api.w.org\/{rel}","templated":true}]}}